ndreds digit of 21142?
1
What is the thousands digit of 3285?
3
What is the hundreds digit of 373?
3
What is the tens digit of 2942?
4
What is the hundreds digit of 4976?
9
What is the ten thousands digit of 14200?
1
What is the tens digit of 8268?
6
What is the ten thousands digit of 21758?
2
What is the units digit of 29381?
1
What is the ten thousands digit of 26038?
2
What is the units digit of 14352?
2
What is the thousands digit of 43729?
3
What is the ten thousands digit of 39504?
3
What is the hundred thousands digit of 119862?
1
What is the thousands digit of 2241?
2
What is the thousands digit of 2653?
2
What is the hundreds digit of 73202?
2
What is the tens digit of 2943?
4
What is the ten thousands digit of 13503?
1
What is the hundreds digit of 4887?
8
What is the units digit of 703?
3
What is the tens digit of 661?
6
What is the ten thousands digit of 46356?
4
What is the tens digit of 15470?
7
What is the ten thousands digit of 46847?
4
What is the tens digit of 3352?
5
What is the tens digit of 39374?
7
What is the tens digit of 4974?
7
What is the tens digit of 2264?
6
What is the hundreds digit of 107421?
4
What is the hundreds digit of 82414?
4
What is the hundreds digit of 67379?
3
What is the tens digit of 7307?
0
What is the thousands digit of 21892?
1
What is the thousands digit of 7071?
7
What is the hundreds digit of 1649?
6
What is the thousands digit of 2043?
2
What is the hundreds digit of 582?
5
What is the tens digit of 1449?
4
What is the tens digit of 3251?
5
What is the ten thousands digit of 118737?
1
What is the hundreds digit of 375?
3
What is the thousands digit of 6435?
6
What is the tens digit of 48571?
7
What is the hundreds digit of 1898?
8
What is the units digit of 132282?
2
What is the thousands digit of 2243?
2
What is the units digit of 408?
8
What is the tens digit of 2208?
0
What is the ten thousands digit of 70736?
7
What is the tens digit of 3857?
5
What is the tens digit of 176?
7
What is the units digit of 17595?
5
What is the hundreds digit of 5143?
1
What is the thousands digit of 20900?
0
What is the tens digit of 827?
2
What is the units digit of 2938?
8
What is the ten thousands digit of 19028?
1
What is the thousands digit of 31582?
1
What is the hundreds digit of 671?
6
What is the units digit of 22?
2
What is the tens digit of 130?
3
What is the hundreds digit of 789?
7
What is the hundreds digit of 553?
5
What is the tens digit of 25778?
7
What is the units digit of 15503?
3
What is the ten thousands digit of 16974?
1
What is the tens digit of 1430?
3
What is the tens digit of 886?
8
What is the thousands digit of 48015?
8
What is the hundreds digit of 3558?
5
What is the units digit of 29019?
9
What is the tens digit of 3741?
4
What is the hundreds digit of 619?
6
What is the hundreds digit of 788?
7
What is the tens digit of 3201?
0
What is the hundreds digit of 3834?
8
What is the hundreds digit of 8629?
6
What is the thousands digit of 49801?
9
What is the units digit of 391?
1
What is the ten thousands digit of 67619?
6
What is the tens digit of 869?
6
What is the hundreds digit of 27298?
2
What is the units digit of 846?
6
What is the thousands digit of 2182?
2
What is the hundreds digit of 192?
1
What is the tens digit of 401?
0
What is the units digit of 796?
6
What is the ten thousands digit of 69988?
6
What is the units digit of 32340?
0
What is the tens digit of 6665?
6
What is the ten thousands digit of 53542?
5
What is the units digit of 61036?
6
What is the units digit of 1711?
1
What is the thousands digit of 8287?
8
What is the tens digit of 39347?
4
What is the units digit of 2212?
2
What is the tens digit of 4709?
0
What is the units digit of 331?
1
What is the units digit of 691?
1
What is the tens digit of 390?
9
What is the tens digit of 30?
3
What is the hundreds digit of 689?
6
What is the tens digit of 3694?
9
What is the units digit of 12396?
6
What is the hundreds digit of 421?
4
What is the thousands digit of 14574?
4
What is the tens digit of 3102?
0
What is the units digit of 2552?
2
What is the tens digit of 951?
5
What is the hundred thousands digit of 105853?
1
What is the thousands digit of 1575?
1
What is the units digit of 62334?
4
What is the tens digit of 266?
6
What is the units digit of 7468?
8
What is the hundreds digit of 504?
5
What is the units digit of 1758?
8
What is the hundreds digit of 10134?
1
What is the units digit of 6802?
2
What is the units digit of 2548?
8
What is the tens digit of 3915?
1
What is the tens digit of 3827?
2
What is the thousands digit of 2249?
2
What is the units digit of 966?
6
What is the hundreds digit of 586?
5
What is the units digit of 2511?
1
What is the tens digit of 16608?
0
What is the tens digit of 13081?
8
What is the units digit of 6256?
6
What is the tens digit of 1885?
8
What is the tens digit of 330?
3
What is the thousands digit of 1835?
1
What is the ten thousands digit of 88883?
8
What is the tens digit of 1471?
7
What is the units digit of 875?
5
What is the hundreds digit of 705?
7
What is the thousands digit of 10906?
0
What is the hundreds digit of 263?
2
What is the units digit of 1928?
8
What is the thousands digit of 2202?
2
What is the tens digit of 3839?
3
What is the tens digit of 1760?
6
What is the hundreds digit of 1654?
6
What is the tens digit of 1498?
9
What is the tens digit of 479?
7
What is the hundreds digit of 598?
5
What is the ten thousands digit of 46084?
4
What is the hundreds digit of 2020?
0
What is the hundreds digit of 975?
9
What is the tens digit of 137?
3
What is the hundreds digit of 1168?
1
What is the hundreds digit of 911?
9
What is the hundreds digit of 465?
4
What is the units digit of 1403?
3
What is the thousands digit of 65796?
5
What is the tens digit of 58733?
3
What is the hundreds digit of 1082?
0
What is the hundreds digit of 368?
3
What is the hundreds digit of 18326?
3
What is the tens digit of 28?
2
What is the tens digit of 171?
7
What is the units digit of 1745?
5
What is the units digit of 662?
2
What is the ten thousands digit of 91424?
9
What is the hundreds digit of 5245?
2
What is the hundreds digit of 108537?
5
What is the ten thousands digit of 20993?
2
What is the hundreds digit of 2075?
0
What is the units digit of 73736?
6
What is the units digit of 65581?
1
What is the units digit of 109036?
6
What is the thousands digit of 158108?
8
What is the hundreds digit of 1361?
3
What is the thousands digit of 3931?
3
What is the ten thousands digit of 23970?
2
What is the thousands digit of 3591?
3
What is the hundreds digit of 205?
2
What is the hundreds digit of 103970?
9
What is the tens digit of 1687?
8
What is the units digit of 42068?
8
What is the ten thousands digit of 26750?
2
What is the tens digit of 263?
6
What is the units digit of 120310?
0
What is the tens digit of 52576?
7
What is the tens digit of 36304?
0
What is the tens digit of 813?
1
What is the hundreds digit of 2142?
1
What is the ten thousands digit of 17738?
1
What is the units digit of 41?
1
What is the hundreds digit of 1949?
9
What is the thousands digit of 73900?
3
What is the tens digit of 62560?
6
What is the units digit of 6802?
2
What is the tens digit of 1744?
4
What is the hundreds digit of 5679?
6
What is the units digit of 8817?
7
What is the thousands digit of 2135?
2
What is the tens digit of 3926?
2
What is the hundreds digit of 6473?
4
What is the hundred thousands digit of 112844?
1
What is the ten thousands digit of 106006?
0
What is the hundreds digit of 1790?
7
What is the tens digit of 634?
3
What is the hundreds digit of 2905?
9
What is the hundreds digit of 10119?
1
What is the units digit of 20110?
0
What is the thousands digit of 5458?
5
What is the hundreds digit of 4780?
7
What is the tens digit of 7548?
4
What is the units digit of 762?
2
What is the thousands digit of 18926?
8
What is the units digit of 4595?
5
What is the hundreds digit of 16769?
7
What is the units digit of 4465?
5
What is the tens digit of 725?
2
What is the hundreds digit of 7647?
6
What is the tens digit of 45600?
0
What is the tens digit of 361?
6
What is the hundreds digit of 6050?
0
What is the tens digit of 92?
9
What is the thousands digit of 49646?
9
What